{"id":1210,"date":"2017-08-31T10:07:52","date_gmt":"2017-08-31T10:07:52","guid":{"rendered":"http:\/\/crespinteriorisme.com\/ca\/crespi-interiorisme\/"},"modified":"2024-05-23T08:59:36","modified_gmt":"2024-05-23T08:59:36","slug":"crespi-interiorisme","status":"publish","type":"page","link":"https:\/\/crespinteriorisme.com\/ca\/crespi-interiorisme\/","title":{"rendered":"Crespi Interiorisme"},"content":{"rendered":"<p class=\"Cos\" style=\"line-height: 150%;\"><span lang=\"ES-TRAD\">Una exhaustiva informaci\u00f3, reflexi\u00f3, an\u00e0lisi de pros i contres, ens ajuda a saber com dissenyar <b>espais comercials pr\u00e0ctics, rentables i molt visuals.<\/b><\/span><\/p>\n<p class=\"Cos\" style=\"line-height: 150%;\"><span lang=\"ES-TRAD\">Des de sempre, <b>el comprom\u00eds, l\u2019efici\u00e8ncia i la flexibilitat <\/b>s\u00f3n les nostres pautes de treball, adaptant-nos a les necessitats de cada client.<\/span><\/p>\n<p class=\"Cos\" style=\"line-height: 150%;\"><span lang=\"ES-TRAD\">En la cojuntura actual, aquestes pautes s\u00f3n m\u00e9s necess\u00e0ries que mai, nosaltres les seguim refor\u00e7ant amb nous mitjans t\u00e8cnics que ens permeten satisfer les necessitats dels nostres clients.<\/span><\/p>\n<p class=\"Cos\" style=\"line-height: 150%;\"><span lang=\"ES-TRAD\">La nostra experi\u00e8ncia com a equip d\u2019interiorisme, 25 anys creant espais comercials, <b>ha enfortit encara m\u00e9s la nostra inquietud que ens planteja dubtes constantment i aix\u00f2 \u00e9s precisament la base \u00f2ptima de la creativitat i la innovaci\u00f3.<\/b><\/span><\/p>\n<p class=\"Cos\" style=\"line-height: 150%;\"><strong><span lang=\"ES-TRAD\">ELS NOSTRES SERVEIS<\/span><\/strong><\/p>\n","protected":false},"excerpt":{"rendered":"<p>Una exhaustiva informaci\u00f3, reflexi\u00f3, an\u00e0lisi de pros i contres, ens ajuda a saber com dissenyar espais comercials pr\u00e0ctics, rentables i molt visuals. Des de sempre, el comprom\u00eds, l\u2019efici\u00e8ncia i la flexibilitat s\u00f3n les nostres pautes de treball, adaptant-nos a les necessitats de cada client. En la cojuntura actual, aquestes pautes s\u00f3n m\u00e9s necess\u00e0ries que mai, &hellip; <a href=\"https:\/\/crespinteriorisme.com\/ca\/crespi-interiorisme\/\" class=\"more-link\">Continua la lectura de <span class=\"screen-reader-text\">Crespi Interiorisme<\/span> <span class=\"meta-nav\">&rarr;<\/span><\/a><\/p>\n","protected":false},"author":1,"featured_media":0,"parent":0,"menu_order":5,"comment_status":"closed","ping_status":"closed","template":"page-serveis.php","meta":{"_acf_changed":false,"footnotes":""},"class_list":["post-1210","page","type-page","status-publish","hentry"],"acf":[],"_links":{"self":[{"href":"https:\/\/crespinteriorisme.com\/ca\/wp-json\/wp\/v2\/pages\/1210","targetHints":{"allow":["GET"]}}],"collection":[{"href":"https:\/\/crespinteriorisme.com\/ca\/wp-json\/wp\/v2\/pages"}],"about":[{"href":"https:\/\/crespinteriorisme.com\/ca\/wp-json\/wp\/v2\/types\/page"}],"author":[{"embeddable":true,"href":"https:\/\/crespinteriorisme.com\/ca\/wp-json\/wp\/v2\/users\/1"}],"replies":[{"embeddable":true,"href":"https:\/\/crespinteriorisme.com\/ca\/wp-json\/wp\/v2\/comments?post=1210"}],"version-history":[{"count":2,"href":"https:\/\/crespinteriorisme.com\/ca\/wp-json\/wp\/v2\/pages\/1210\/revisions"}],"predecessor-version":[{"id":2946,"href":"https:\/\/crespinteriorisme.com\/ca\/wp-json\/wp\/v2\/pages\/1210\/revisions\/2946"}],"wp:attachment":[{"href":"https:\/\/crespinteriorisme.com\/ca\/wp-json\/wp\/v2\/media?parent=1210"}],"curies":[{"name":"wp","href":"https:\/\/api.w.org\/{rel}","templated":true}]}}

<p class="Cos" style="line-height: 150%;"><span lang="ES-TRAD">Una exhaustiva informació, reflexió, anàlisi de pros i contres, ens ajuda a saber com dissenyar <b>espais comercials pràctics, rentables i molt visuals.</b></span></p>
<p class="Cos" style="line-height: 150%;"><span lang="ES-TRAD">Des de sempre, <b>el compromís, l’eficiència i la flexibilitat </b>són les nostres pautes de treball, adaptant-nos a les necessitats de cada client.</span></p>
<p class="Cos" style="line-height: 150%;"><span lang="ES-TRAD">En la cojuntura actual, aquestes pautes són més necessàries que mai, nosaltres les seguim reforçant amb nous mitjans tècnics que ens permeten satisfer les necessitats dels nostres clients.</span></p>
<p class="Cos" style="line-height: 150%;"><span lang="ES-TRAD">La nostra experiència com a equip d’interiorisme, 25 anys creant espais comercials, <b>ha enfortit encara més la nostra inquietud que ens planteja dubtes constantment i això és precisament la base òptima de la creativitat i la innovació.</b></span></p>
<p class="Cos" style="line-height: 150%;"><strong><span lang="ES-TRAD">ELS NOSTRES SERVEIS</span></strong></p>

<p>Una exhaustiva informació, reflexió, anàlisi de pros i contres, ens ajuda a saber com dissenyar espais comercials pràctics, rentables i molt visuals. Des de sempre, el compromís, l’eficiència i la flexibilitat són les nostres pautes de treball, adaptant-nos a les necessitats de cada client. En la cojuntura actual, aquestes pautes són més necessàries que mai, &hellip; <a href="https://crespinteriorisme.com/ca/crespi-interiorisme/" class="more-link">Continua la lectura de <span class="screen-reader-text">Crespi Interiorisme</span> <span class="meta-nav">&rarr;</span></a></p>
